{"id":15,"date":"2014-10-14T09:14:05","date_gmt":"2014-10-14T09:14:05","guid":{"rendered":"http:\/\/kkre.hu\/wp\/?page_id=15"},"modified":"2022-07-04T07:35:47","modified_gmt":"2022-07-04T05:35:47","slug":"kapcsolat","status":"publish","type":"page","link":"https:\/\/kkre.hu\/wpm\/kapcsolat\/","title":{"rendered":"Kapcsolat"},"content":{"rendered":"<div style=\"text-align: center;padding-bottom: 25px\"> <div style=\"text-align: right\"> <div style=\"text-align: right\"><em>&#8220;K\u00e9rjetek, \u00e9s adatik nektek, keressetek, \u00e9s tal\u00e1ltok, z\u00f6rgessetek, \u00e9s megnyittatik nektek.&#8221;<\/em><\/div> <div style=\"text-align: right\"><em>M\u00e1t\u00e9 evang\u00e9liuma 7,7&nbsp;<\/em><\/div> <\/div> <\/div> <div> <div style=\"width: 100%;height: 40px\">&nbsp;<\/div> <div style=\"float: left\"> <p><strong>Lelk\u00e9szi hivatal<\/strong><\/p> <p>&#8212;&#8212;&#8212;&#8212;&#8212;&#8212;&#8212;&#8212;&#8212;&#8212;&#8212;&#8212;<\/p> <p><strong>Harkai Ferenc Csaba<\/strong> lelkip\u00e1sztor<\/p> <p>C\u00edm: 1196 Budapest,<\/p> <p>Templom t\u00e9r 19.<\/p> <p>Telefon\/fax: +36-1-357-61-07<\/p> <p>Mobil: +36-30-636-5840<\/p> <p>E-mail: <a href=\"mailto:cfharkai@hu.inter.net\">cfharkai@hu.inter.net<\/a><\/p> <p>&#8212;&#8212;&#8212;&#8212;&#8212;&#8212;&#8212;&#8212;&#8212;&#8212;&#8212;&#8212;<\/p> <p>Sz\u00e1mlasz\u00e1m:<br>OTP Bank: 11719001-20221627<\/p> <p>&#8212;&#8212;&#8212;&#8212;&#8212;&#8212;&#8212;&#8212;&#8212;&#8212;&#8212;&#8212;<\/p> <p><strong>Hivatali \u00fcgyek:<\/strong><\/p> <ul> <li>Temet\u00e9s, esk\u00fcv\u0151, keresztel\u0151 bejelent\u00e9s, \u00fcgyint\u00e9z\u00e9s a hivatali \u00fcgyelet alatt: H\u00e9tf\u0151n \u00e9s Szerd\u00e1n 11-13 \u00f3ra k\u00f6z\u00f6tt<\/li> <li>Adom\u00e1nyok befizet\u00e9se a fenti id\u0151pontban, vagy vas\u00e1rnap az Istentisztelet el\u0151tt vagy ut\u00e1n.<\/li> <\/ul> <p>Ett\u0151l elt\u00e9r\u0151 id\u0151pontban el\u0151zetes telefonos egyeztet\u00e9s ut\u00e1n.<\/p> <\/div> <\/div> <div style=\"width: 100%;height: 40px\">&nbsp;<\/div>       <div class=\"wp-block-group\"><div class=\"wp-block-group__inner-container\"><\/div><\/div>    <p><\/p> ","protected":false},"excerpt":{"rendered":"<p>&#8220;K\u00e9rjetek, \u00e9s adatik nektek, keressetek, \u00e9s tal\u00e1ltok, z\u00f6rgessetek, \u00e9s megnyittatik nektek.&#8221; M\u00e1t\u00e9 evang\u00e9liuma 7,7&nbsp; &nbsp; Lelk\u00e9szi hivatal &#8212;&#8212;&#8212;&#8212;&#8212;&#8212;&#8212;&#8212;&#8212;&#8212;&#8212;&#8212; Harkai Ferenc Csaba lelkip\u00e1sztor C\u00edm: 1196 Budapest, Templom t\u00e9r 19. Telefon\/fax: +36-1-357-61-07 Mobil: +36-30-636-5840 E-mail: cfharkai@hu.inter.net &#8212;&#8212;&#8212;&#8212;&#8212;&#8212;&#8212;&#8212;&#8212;&#8212;&#8212;&#8212; Sz\u00e1mlasz\u00e1m:OTP Bank: 11719001-20221627 &#8212;&#8212;&#8212;&#8212;&#8212;&#8212;&#8212;&#8212;&#8212;&#8212;&#8212;&#8212; Hivatali \u00fcgyek: Temet\u00e9s, esk\u00fcv\u0151, keresztel\u0151 bejelent\u00e9s, \u00fcgyint\u00e9z\u00e9s a hivatali \u00fcgyelet alatt: H\u00e9tf\u0151n \u00e9s Szerd\u00e1n 11-13 \u00f3ra&hellip;<\/p>\n","protected":false},"author":1,"featured_media":0,"parent":0,"menu_order":0,"comment_status":"closed","ping_status":"closed","template":"","meta":[],"acf":[],"_links":{"self":[{"href":"https:\/\/kkre.hu\/wpm\/wp-json\/wp\/v2\/pages\/15"}],"collection":[{"href":"https:\/\/kkre.hu\/wpm\/wp-json\/wp\/v2\/pages"}],"about":[{"href":"https:\/\/kkre.hu\/wpm\/wp-json\/wp\/v2\/types\/page"}],"author":[{"embeddable":true,"href":"https:\/\/kkre.hu\/wpm\/wp-json\/wp\/v2\/users\/1"}],"replies":[{"embeddable":true,"href":"https:\/\/kkre.hu\/wpm\/wp-json\/wp\/v2\/comments?post=15"}],"version-history":[{"count":7,"href":"https:\/\/kkre.hu\/wpm\/wp-json\/wp\/v2\/pages\/15\/revisions"}],"predecessor-version":[{"id":18342,"href":"https:\/\/kkre.hu\/wpm\/wp-json\/wp\/v2\/pages\/15\/revisions\/18342"}],"wp:attachment":[{"href":"https:\/\/kkre.hu\/wpm\/wp-json\/wp\/v2\/media?parent=15"}],"curies":[{"name":"wp","href":"https:\/\/api.w.org\/{rel}","templated":true}]}}