{"id":384,"date":"2015-09-21T06:49:43","date_gmt":"2015-09-21T04:49:43","guid":{"rendered":"http:\/\/kkre.hu\/wpm\/?page_id=384"},"modified":"2016-03-10T23:58:39","modified_gmt":"2016-03-10T22:58:39","slug":"budapest-reformatus-templomai","status":"publish","type":"page","link":"https:\/\/kkre.hu\/wpm\/budapest-reformatus-templomai\/","title":{"rendered":"Reform\u00e1tus templomok Budapesten"},"content":{"rendered":"<div style=\"text-align: center; padding-bottom: 25px;\"> <div style=\"text-align: right; display: inline-block;\"> <div style=\"text-align: right; display: block;\"><em>&#8220;Uram, szeretem h\u00e1zadat, ahol laksz, dics\u0151s\u00e9ged lak\u00f3hely\u00e9t.&#8221;<\/em><\/div> <div style=\"text-align: right;\"><em>A Zsolt\u00e1rok k\u00f6nyve 26,8\u00a0<\/em><\/div> <\/div> <\/div> <p>&nbsp;<\/p> <h1>Hely\u00fcnk<\/h1> <p>&nbsp;<\/p> <p>Budapest reform\u00e1tus templomai nem t\u00fal r\u00e9giek. A legr\u00e9gebbi \u00e9p\u00fclet az \u00d3budai Reform\u00e1tus Templom a maga 1788-as \u00e9p\u00edt\u00e9si \u00e9vsz\u00e1m\u00e1val. A Kispest-K\u00f6zponti Reform\u00e1tus Templom a legkor\u00e1bban \u00e9p\u00fcltek k\u00f6z\u00f6tt van.<\/p> \r\n\t\t\t<div id=\"timeline-embed\"><\/div>\r\n\t\t\t<script type=\"text\/javascript\">\r\n\t\t    var timeline_config = {\r\n\t\t\t\twidth: \"900\",\r\n\t\t\t\theight: \"600\",\r\n\t\t\t\tsource: \"https:\/\/kkre.hu\/wpm\/wp-content\/plugins\/wp-veriteco-timeline\/timeline_budapesti_templomok.json\",\r\n\t\t\t\tstart_at_end: false,\r\n\t\t\t\thash_bookmark: false\r\n\t\t\t}\r\n\t\t\t<\/script>\r\n\t\t\t<script type=\"text\/javascript\" src=\"https:\/\/kkre.hu\/wpm\/wp-content\/plugins\/wp-veriteco-timeline\/js\/timeline-embed.js\"><\/script>\r\n\t\t ","protected":false},"excerpt":{"rendered":"<p>&#8220;Uram, szeretem h\u00e1zadat, ahol laksz, dics\u0151s\u00e9ged lak\u00f3hely\u00e9t.&#8221; A Zsolt\u00e1rok k\u00f6nyve 26,8\u00a0 &nbsp; Hely\u00fcnk &nbsp; Budapest reform\u00e1tus templomai nem t\u00fal r\u00e9giek. A legr\u00e9gebbi \u00e9p\u00fclet az \u00d3budai Reform\u00e1tus Templom a maga 1788-as \u00e9p\u00edt\u00e9si \u00e9vsz\u00e1m\u00e1val. A Kispest-K\u00f6zponti Reform\u00e1tus Templom a legkor\u00e1bban \u00e9p\u00fcltek k\u00f6z\u00f6tt van.<\/p>\n","protected":false},"author":7,"featured_media":0,"parent":0,"menu_order":3,"comment_status":"closed","ping_status":"closed","template":"","meta":[],"acf":[],"_links":{"self":[{"href":"https:\/\/kkre.hu\/wpm\/wp-json\/wp\/v2\/pages\/384"}],"collection":[{"href":"https:\/\/kkre.hu\/wpm\/wp-json\/wp\/v2\/pages"}],"about":[{"href":"https:\/\/kkre.hu\/wpm\/wp-json\/wp\/v2\/types\/page"}],"author":[{"embeddable":true,"href":"https:\/\/kkre.hu\/wpm\/wp-json\/wp\/v2\/users\/7"}],"replies":[{"embeddable":true,"href":"https:\/\/kkre.hu\/wpm\/wp-json\/wp\/v2\/comments?post=384"}],"version-history":[{"count":2,"href":"https:\/\/kkre.hu\/wpm\/wp-json\/wp\/v2\/pages\/384\/revisions"}],"predecessor-version":[{"id":4979,"href":"https:\/\/kkre.hu\/wpm\/wp-json\/wp\/v2\/pages\/384\/revisions\/4979"}],"wp:attachment":[{"href":"https:\/\/kkre.hu\/wpm\/wp-json\/wp\/v2\/media?parent=384"}],"curies":[{"name":"wp","href":"https:\/\/api.w.org\/{rel}","templated":true}]}}